/3. Suppose 5 = -j + q*j + 5*k, 2*k = 5*j - 79. List the prime factors of 228/15 + (-3)/j.
3, 5
Suppose 0 = y + 3*r + 28, r + r = -3*y - 112. Let z = y + 54. What are the prime factors of z?
2, 7
Suppose 24*o - 10*o = 16870. What are the prime factors of o?
5, 241
Let l(n) = n**2 + 3*n - 1. Let p be l(-4). Suppose 3 + 9 = p*i. Suppose -i*m + 6*m - 104 = 0. List the prime factors of m.
2, 13
What are the prime factors of (-17 + 2)*(-140)/15?
2, 5, 7
Let i be (0 - 1)/3 - 56/(-24). Suppose -3*b = -4*w + 41, i*w + 2*w - b - 51 = 0. What are the prime factors of w?
2, 7
Suppose 4*g + 4 = 2*g, 0 = -a + 5*g + 542. List the prime factors of a.
2, 7, 19
Let z(k) = -271*k + 33. What are the prime factors of z(-4)?
1117
Suppose 4*y + 0 = 8. Let m(h) = 223*h - 2. Let o be m(y). What are the prime factors of o/9 + 2/(-6)?
7
Let g(y) = 0*y**2 + 6 + 8*y**2 + 4*y - 4*y**2 - 4. Let c be ((-3)/2)/(1/2). What are the prime factors of g(c)?
2, 13
Suppose -4*a = 4*t - 5*t - 13, a = -5*t - 23. Suppose a*s - 91 = -2*y - 3*s, -s - 1 = 0. What are the prime factors of y?
2, 3
Let y = 13 - 8. Let v(s) = 5*s - 2. Let g(c) = 5*c - 1. Let l(p) = y*v(p) - 4*g(p). List the prime factors of l(6).
2, 3
Suppose 2*b + 1 = 3*i, 0*b + 2*i = -b + 10. Suppose -3*f + 7 = b*a, a - 2*f + 4*f = -2. Suppose a*g = g + 24. What are the prime factors of g?
2
Suppose -180 = 5*r + 5*o, 2*o - 196 = 5*r - 30. Let d = r + 19. Let p = 22 + d. What are the prime factors of p?
7
Suppose 0 = -94*k + 89*k + 240. List the prime factors of k.
2, 3
Suppose -3*m - 83 - 79 = 0. Let l be (-1 + -1)/2 - m. Let g = -31 + l. What are the prime factors of g?
2, 11
Let w = 1 - 10. Let y be w/(-15) + (-36)/10. What are the prime factors of 2/6 + (-95)/y?
2
Let r be ((-32)/(-4))/(-2) - -41. Suppose -4*v + r = 13. Let m(q) = -q**2 + 8*q + 3. List the prime factors of m(v).
3, 5
Suppose 2*y - 3*y - 2*w + 544 = 0, 5*w - 1629 = -3*y. List the prime factors of y.
2, 269
Suppose -4*q - 569 - 2429 = -t, 2*q - 8 = 0. What are the prime factors of t?
2, 11, 137
Suppose -4*g = -20, u + 0*u - 3*g + 10 = 0. Suppose -3*w + u*a = -3, -4*w + 3 + 1 = -a. Suppose 77 = 3*l - w. List the prime factors of l.
2, 13
Let y(p) = 28*p - 14. Let l be y(-3). Let f = -65 - l. List the prime factors of f.
3, 11
What are the prime factors of 5*2*(5050/(-20))/(-5)?
5, 101
What are the prime factors of (-14 - 1)/((-141)/5828)?
2, 5, 31
Let g(w) = -w**2 + 7*w + 10. Suppose -n + 16 = n - p, -p - 25 = -3*n. Let k be g(n). List the prime factors of 2/(1 + 4/k).
2
Suppose 4*v - 109 = -g, 3*v + 107 - 19 = g. Suppose 5*p = 2*m - g, -41 = 3*m + 5*p - 224. List the prime factors of m.
2, 7
What are the prime factors of 26 + -20 + 0 + -3 + 431?
2, 7, 31
Suppose -19 = 5*y - 2*w + 60, 0 = -5*w - 15. Let i be (53/(-6) - 4/(-8))*-3. Let n = y + i. What are the prime factors of n?
2
Let f = 31 - -29. List the prime factors of ((-108)/10)/((-18)/f).
2, 3
Let s = 1 - 3. Let h be (-4)/s - 0/2. Suppose -j - 22 = -h*j. What are the prime factors of j?
2, 11
Let s = -55 + 60. Suppose 0*t + 4*t - 590 = -s*u, -4*u = 2*t - 472. List the prime factors of u.
2, 59
Let h(v) = -2*v - 8. Let p be h(-5). Suppose p*a + 4*k - 11 = 5*k, -4*a + 18 = 2*k. Suppose 2*l = -3*l + a, 3*y = -2*l + 71. List the prime factors of y.
23
Suppose -41*t + 9417 = 2*t. What are the prime factors of t?
3, 73
Let o(v) be the third derivative of -v**6/120 + v**5/3 - v**4/3 - 11*v**3/6 - 34*v**2. What are the prime factors of o(19)?
2, 3, 11
Suppose -17*t + 6356 = -29786. What are the prime factors of t?
2, 1063
Let k = 35 + -76. Let n = -35 - k. Suppose u = 5*y + 58, -n*u + 3*y = -u - 334. List the prime factors of u.
2, 17
Suppose 0 = 5*t - 2*t - 12. Let l = 3 + -5. What are the prime factors of ((-2)/t)/(l/48)?
2, 3
Suppose 74 = t + 4*r, -5*t - 4*r + 2*r + 442 = 0. Let y = t + -44. What are the prime factors of y?
2, 23
Let o(m) = -4*m - 10. Let n be o(-5). Suppose -2*w + n*w = 24. List the prime factors of w.
3
Let i(p) = -437*p - 40. List the prime factors of i(-2).
2, 3, 139
Suppose -5*x + 15 = 5. Let z be (x - 6/3)/(-1). Suppose -5*k - 3*r + 92 = z, -2*k - 2*r = -26 - 14. List the prime factors of k.
2
Suppose 62 = 3*s - 25. List the prime factors of s.
29
Let f(p) = 61*p - 1. Let z be f(7). Suppose 3*l = -2*k - 0*l + 173, z = 5*k + l. List the prime factors of k.
5, 17
Suppose 0 = 4*i - 6457 + 1113. Suppose 0 = 19*b - 11*b - i. What are the prime factors of b?
167
Let x be 1 - (-1 - 148/2). Let w = 235 + -231. Suppose 2*d + w*v = 42 + x, 3*d + 4*v = 171. What are the prime factors of d?
53
What are the prime factors of 3485/34*(-56)/(-10)?
2, 7, 41
Suppose 0 = 3*b - 5*r - 18, 9 - 43 = -2*b - 4*r. Suppose -19*n + b*n = -776. What are the prime factors of n?
97
Suppose -52*v = -58*v + 2412. List the prime factors of v.
2, 3, 67
Let h(s) = s - 5. Let z be h(9). Let a be 2 - 0/z - -34. Let g = a - -13. List the prime factors of g.
7
Let h(y) = -y - 9. Let l be h(-13). List the prime factors of 22*6/l - -1.
2, 17
Let k(q) = 8*q - 13. Let u(v) = -2*v - 3. Let p be u(-3). Suppose p*c + o - 2*o = 17, -19 = -3*c - o. List the prime factors of k(c).
5, 7
Suppose 0*l = -4*l - 32. Let g(n) = -n**2 - 9*n - 5. Let b be g(l). Suppose -b*t + 2 = -2*t. List the prime factors of t.
2
Suppose -25*q + 6*q + 79857 = 0. What are the prime factors of q?
3, 467
Let f(g) = -g**2 + 7*g + 691. List the prime factors of f(0).
691
Let f(s) = -15*s**3 + 8*s**2 + 9*s + 2. List the prime factors of f(-1).
2
Let r be (-29 - -22) + (2 - 0). Suppose 5*c = -25, 2*c + 2*c = 4*l. List the prime factors of l/r + 38 + 1.
2, 5
Suppose 3*d - 952 = -235. List the prime factors of d.
239
Suppose -10*n + 1812 = -1068. List the prime factors of n.
2, 3
Let m(q) = 8*q + 1. Let p = -11 + 14. Let z be m(p). Let s = z + -12. List the prime factors of s.
13
Let m = -41 + 34. What are the prime factors of ((-26)/(-4))/(m/(-42))?
3, 13
Let b(q) = -3*q**3 + 6*q**2 - 2*q - 3. Let z be b(-6). Let h be z/5 - (-2)/5. Suppose -2*g - j + 85 = 0, 5*g = -3*j + 37 + h. List the prime factors of g.
43
Let z(a) be the first derivative of 17/3*a**3 - 3 + 0*a - 1/2*a**2. What are the prime factors of z(1)?
2
Let b be (-6)/(-15) + (-2628)/20. Let h = b + 79. Let q = -14 - h. What are the prime factors of q?
2, 19
Let u be 20/25*(-5)/(-2). Suppose -7*i = -u*i - 405. Suppose 0 = -m + 3, -2*m + i = 4*q + m. List the prime factors of q.
2, 3
Let o(i) = -107*i + 83. What are the prime factors of o(-4)?
7, 73
Let g be (-1)/((-25)/8 - -3). Let w(l) = -l - 2*l - 2 - g + 2*l**2 + 4. List the prime factors of w(6).
2, 3
Suppose 228 = 3*w + 21. Suppose 0 = 5*z - 5*l + 1 - 11, 5*l - 6 = z. Suppose -g = -z*g + w. What are the prime factors of g?
23
Let i(y) = -y - 8. Let p be i(0). Let s(z) = -6*z + 15. List the prime factors of s(p).
3, 7
Let c(m) be the first derivative of 21*m**2/2 - 38*m - 27. What are the prime factors of c(5)?
67
What are the prime factors of 7*(57 - -4 - 2/1)?
7, 59
Let i = 1059 + -118. What are the prime factors of i?
941
Let i(o) = o**3 + 10*o**2 - 12*o - 8. Let u be i(-11). Suppose -2*y + 174 = 5*z - u*z, -4*y = 3*z - 351. What are the prime factors of y?
2, 3, 5
Let d(n) = -n**2 - 7*n - 2. Let v be d(-8). Let m = -58 + 65. List the prime factors of (v - -13) + m*7.
2, 13
Suppose 0 = -15*a + 14759 + 7921. What are the prime factors of a?
2, 3, 7
List the prime factors of 10682*4/152 + 20/(-190).
281
Let h be 1 + 0 + 133/(-19). List the prime factors of 3/2 + (-321)/h.
5, 11
Suppose 75*q = 72*q + 6492. What are the prime factors of q?
2, 541
Let c(p) be the first derivative of p**3/3 + p**2 + 1. Let b be c(-3). Suppose -76 + 31 = -b*l. List the prime factors of l.
3, 5
Suppose -4*c + 3*h + 5 + 4 = 0, -4*c - h = -13. Suppose -1213 = -c*v + m, 0*v - 2*v - 5*m + 837 = 0. Suppose -3*x + 10*x = v. List the prime factors of x.
2, 29
Let u(l) = -l**3 + l**2 + 1. Let f be u(0). Let r = f - -6. Let w = r - -14. List the prime factors of w.
3, 7
List the prime factors of (-193*(-24 + 1))/(23 - 22).
23, 193
List the prime factors of 40/(-15)*12/(-16)*438.
2, 3, 73
Let y = 97 - 94. Suppose g - 4*p + y*p = 90, 4*p - 90 = -g. List the prime factors of g.
2, 3, 5
Suppose 7*k + 48 = 4*k. What are the prime factors of (0 + 20/k)*-16?
2, 5
Suppose -1050 = 